= -38*v - 61. Let a = -49 + 92. What is the remainder when a is divided by b(-2)?
13
Let i(g) = -g**3 + 6*g**2 - 3. Let a be i(6). Let n be a*(6/9 - 2). Suppose -n*r - r + 15 = 0. What is the remainder when r is divided by 1?
0
Suppose -39 + 15 = -q. Let g = -272 - -406. Suppose 2*h + q = g. What is the remainder when h is divided by 15?
10
Let l be 4 + 1 + 4 + -4. Suppose -b = -2*b + 3, l*b - 603 = -3*a. What is the remainder when a is divided by 11?
9
Suppose 3*z = -1 - 5. Let u be 2 + -2 - (-4)/z. Calculate the remainder when 38 is divided by 2*(u - -3)*10.
18
Let r(d) = d**3 + 15*d**2 - 8*d + 23. Calculate the remainder when r(-6) is divided by 33.
32
Suppose 17*k - 1257 = 1038. What is the remainder when k is divided by 69?
66
Let h = 23 - 39. Let v = h + 13. What is the remainder when 2/(v + 5)*23 is divided by 8?
7
Let s = 342 + -314. What is the remainder when 52 is divided by s?
24
What is the remainder when (44 + -2)/((-8)/(-12)) is divided by 2/6 + 94/6?
15
Let w be 6*(30/9 - 3). Calculate the remainder when 18/((6/27)/w) is divided by 41.
39
Let d(y) = y**2 - 3*y - 2. Let k be d(3). Let b be 3/1 + 2/k. Suppose 3*o + 4*n + 11 - 40 = 0, -5*n - 4 = -b*o. Calculate the remainder when 26 is divided by o.
5
Let g = 181 + -94. Calculate the remainder when g is divided by (1*-11)/(-15 + 14).
10
Let q be 176/(-33)*-1*3. Let i = 21 - q. Suppose a + 2*x = i, 3*x + 7 = -4*a + 22. What is the remainder when a is divided by 3?
0
Suppose 0*i + 2*i + r - 39 = 0, -5 = -5*r. Let m(b) = -b + 20. Calculate the remainder when i is divided by m(5).
4
Let j = -43 - -102. What is the remainder when 353 is divided by j?
58
Suppose q = -2*y - 2*y - 4, -q + 5 = y. Calculate the remainder when 22 is divided by q.
6
Let b(y) = 5*y - 2. Suppose 39*l = 34*l + 3*m + 10, -3*m = 2*l - 4. Calculate the remainder when b(2) is divided by l.
0
Suppose -4*q - q + 43 = -2*d, 4*d = -4*q + 40. What is the remainder when q is divided by 6?
3
Let n(q) = -q**3 - 9*q**2 + 4. Let w be n(-9). Let t be ((-6)/w)/((-2)/4). Calculate the remainder when ((-21)/14)/(t/(-124)) is divided by 22.
18
Suppose 3*v - 2*v - 220 = 3*o, -5*v + 5*o + 1060 = 0. What is the remainder when v is divided by 30?
28
Let x be (-1)/(-3) + 64/24. Calculate the remainder when 28 is divided by x/(-5) + 406/35.
6
Let c(u) = 3*u**2 + 15*u + 23. What is the remainder when 108 is divided by c(-4)?
9
Suppose j - 36 = 13. What is the remainder when 97 is divided by j?
48
Suppose 4*s = -4*s + 8. What is the remainder when 85 is divided by 1/((-3)/(-63)) + s?
19
Let d = -123 - -172. Let n(k) = k**3 + 7*k**2 - 2*k + 3. Calculate the remainder when d is divided by n(-7).
15
Let o = 445 + -368. What is the remainder when o is divided by 41?
36
Let h = 32 + -35. Let k = 11 + h. Calculate the remainder when 31 is divided by k.
7
Let q(r) = 178*r - 674. What is the remainder when 82 is divided by q(4)?
6
Let m(n) = 99*n**2 + 25*n - 10. Calculate the remainder when m(2) is divided by 134.
34
Suppose 26 + 152 = 3*j + 2*c, 0 = -2*j + c + 121. What is the remainder when j is divided by 19?
3
Let m(y) be the second derivative of -13*y**3/6 - 7*y**2 - 17*y. What is the remainder when 44 is divided by m(-3)?
19
Let d be (3/6)/((-3)/138) + -3. Let v = 37 + d. Calculate the remainder when 31 is divided by v.
9
Let q be ((-6)/(-8))/(3/12). Suppose 25 = q*s - 11. What is the remainder when 6 is divided by (s/10)/(6/15)?
0
Let n = 1708 - 1705. Let i be 1/3 - 2/(-3). What is the remainder when -1 - -13*1 - i is divided by n?
2
Suppose -z + 38 = -5*d, -17*z + 18*z + 2*d - 24 = 0. Calculate the remainder when 51 is divided by z.
23
Let n(z) = 2*z + 19. Let u = 11 - 5. What is the remainder when (u/(-2))/3 - -10 is divided by n(-8)?
0
Let s = 35 - 68. Let a = s - -43. What is the remainder when 39 is divided by a?
9
What is the remainder when 184 is divided by (-8)/14 + (-2509)/(-91)?
22
Suppose 2*y = -0*h - 5*h + 30, y = 2*h + 6. Calculate the remainder when 21 is divided by y.
1
Let s = 3371 - 3350. Suppose p + 5*u = 5*p - 568, 0 = 2*p - 4*u - 278. Suppose p = 3*a + 24. What is the remainder when a is divided by s?
20
Let m = -9 - -13. Suppose -3*z - 2*z - m*q = -60, 3*q = -15. Calculate the remainder when z is divided by 9.
7
Suppose 4*t - 3*t = 4. Suppose 33 = 7*l + 5. Suppose 5*c - 39 = -t*i + 42, i + 6 = l*c. Calculate the remainder when i is divided by 6.
2
Let q = -9 + -11. Let m be -15*(0 - 8/q). Calculate the remainder when ((-52)/m)/((-1)/(-3)) is divided by 14.
12
Let r(j) = -j**2 + 532. Let k be r(0). Suppose -5*z = k - 3212. What is the remainder when 3/9 + z/12 is divided by 23?
22
Let x = 635 + -520. What is the remainder when x is divided by 39?
37
Let w(z) = -263*z - 299. What is the remainder when w(-4) is divided by 58?
57
Let m(z) = 2*z**2 - 2*z - 2. Let j be (-2 - -1) + (-3 - -1). Suppose -29 - 43 = -9*t. What is the remainder when m(j) is divided by t?
6
Let b(t) = 3*t**3 - 3*t**2 + t. Let k be b(2). Suppose 4*c - 3*c = -3*g + k, -70 = -4*c + 2*g. Calculate the remainder when c is divided by 18*(7 - 52/8).
8
Let p = -6 - -5. Calculate the remainder when (0 - (9 + -14)) + 2 is divided by 5 + p + (1 - 0).
2
Suppose 0 = -a - 4*m - 4, -m - 1 = 2*a - 3*a. Suppose -8*d + 12*d = a. Suppose d = 2*l - 42 + 6. Calculate the remainder when l is divided by 10.
8
Suppose -3*d = -4*z - 16, 26*d = 28*d - 5*z + 1. What is the remainder when 14 is divided by d?
2
Suppose -3*h - 70 = -h. Calculate the remainder when 25 is divided by 14/h - (-44)/10.
1
Suppose 2*r - 18 = -12. Suppose -89 = -5*l + 4*f, -r*l = -3*f + 4*f - 67. What is the remainder when (124/(-6))/1*-3 is divided by l?
20
Let r = -1 - 8. Let c = r + 9. Suppose 2*h - 70 = -3*w + 5*w, w + 2 = c. What is the remainder when h is divided by 12?
9
Let w(x) = -x - 4. Let k be w(-6). Suppose k*t - 5 = t + g, 2*t = -4*g + 4. What is the remainder when 5 is divided by t?
1
Let n(d) = -27*d - 5. Let l be (-6)/30*(-5)/(-1). Calculate the remainder when 79 is divided by n(l).
13
Suppose 0 = 5*m - 3*u - 339, 4*m + 4*u - u - 282 = 0. Suppose 8*o = 83 + m. Calculate the remainder when 55 is divided by o.
17
Suppose 0 = -h - 3*q + 78 - 17, -2*q = -h + 71. Calculate the remainder when 131 is divided by h.
64
Let n = -99 + 124. Suppose -2*i = 2*o - 9 - 7, -3*o = i - 2. Suppose -i = -2*h + 7. What is the remainder when n is divided by h?
7
Suppose -3*c + 24 = -0*c - m, 3*m + 23 = 2*c. Let p = -511 + 536. What is the remainder when p is divided by c?
4
Let f(t) = t**2 - 6*t - 15. Calculate the remainder when 1 + 175/3 + 4/(-3) is divided by f(9).
10
Let o be (6/(-2))/(-4 + 3). Suppose -u = -2, o*y = 7*y - u - 166. Suppose -5*v = -m - 109, 0 = 2*v - 2*m - 8 - y. What is the remainder when 40 is divided by v?
19
Calculate the remainder when 136 is divided by (31 + 25)*(-1)/(-2).
24
Suppose 0 = 10*w - 1421 + 431. Calculate the remainder when w is divided by 34.
31
Let v(p) = -81*p - 359. What is the remainder when 91 is divided by v(-5)?
45
Let i(v) = 2*v + 43. Calculate the remainder when 16 is divided by i(-14).
1
Let n(d) = 4*d - 3. Suppose 4*x - 5*o + 135 = 0, 2*x = -5*o + 4 - 79. What is the remainder when (-302)/(-5) - (-14)/x is divided by n(6)?
18
Suppose 0 = -l + 4*d + 37, -d - 65 = -5*l - 5*d. Calculate the remainder when 490 is divided by l.
14
Let a = -324 + 192. Suppose -o + 90 = -0*o + y, -3*o - 2*y = -267. What is the remainder when o is divided by (a/(-21))/(8/28)?
21
Suppose 2*v - 24 = -q, 0 = -4*q - 2*v + 3*v + 132. Suppose 329 = -25*o + q*o. Calculate the remainder when o is divided by 4.
3
Let f = 282 + -243. What is the remainder when 75 is divided by f?
36
Calculate the remainder when 429 is divided by (-236)/(-16)*4 + 3.
57
Let f be (6/(-3))/((-2)/9). Let u(y) = -2*y + 5*y - 2 - 7 - 3. Calculate the remainder when u(f) is divided by 9.
6
Let o = 4 - 3. Let m be (-12)/3 - -16 - 0. Let z = m - 11. What is the remainder when o is divided by z?
0
Suppose -k - 15 = -3*y, k - 3*y + 2*y + 25 = 0. Let q = k - -40. What is the remainder when 18 is divided by q?
8
Suppose u + 16 = j, 4*j - 1 - 57 = -2*u. Let k(r) = -r + 5. What is the remainder when j is divided by k(-4)?
6
Let s be 18/((-25)/10 - -4). Suppose s*v - 7*v = 2*x + 33, 5*v + 2*x = 17. Calculate the remainder wh